at are the prime factors of j?
2
Suppose 22*b + 896 = 29*b. List the prime factors of b.
2
Let h = 15 + -11. Suppose 7 = -h*y + 19. Suppose -y*l + 66 = l + 5*f, -5*f = -l + 4. List the prime factors of l.
2, 7
Let v(a) = -6*a**3 - 5*a**2 - 5*a - 2. Let l(h) = 9*h**3 + 8*h**2 + 8*h + 3. Let f(r) = -5*l(r) - 8*v(r). What are the prime factors of f(1)?
2
List the prime factors of 51 + (5 - 6)*2.
7
Let c(q) = q**2 + 9*q + 7. Let v be c(-7). Let s(j) = -9*j - 7. Let d be s(v). List the prime factors of d/6 - 6/18.
3
Let x(u) be the third derivative of u**6/120 - u**5/10 - u**4/4 + 4*u**3/3 + u**2. List the prime factors of x(7).
3, 5
What are the prime factors of -3 - (2 + (-2 - 39))?
2, 3
Let l(f) = -4*f + 3*f - 1 + 0*f. Let a be l(-3). Suppose -a*h - 20 = -7*h. What are the prime factors of h?
2
Let p be 3 - (-1 - (-2 - -1)). Suppose -p*j + 8 = -j. What are the prime factors of j?
2
Let m be (-2260)/25 + (-4)/(-10). List the prime factors of m/25*1*-5.
2, 3
Let g(b) = 2*b**3 + 3*b**2 + 2*b + 1. Suppose 4*u + 16 = -2*a, -u + a = u. Let h be g(u). Let l(w) = -2*w - 6. List the prime factors of l(h).
2
Suppose -7 = 3*u - 1. Let s be 6/u*-1 + 2. Suppose 0*g + s*g = 95. What are the prime factors of g?
19
Suppose -3*s = -t - 283, s + 2*t - 125 = -26. What are the prime factors of s?
5, 19
Suppose -5*p - 114 = -7*p. What are the prime factors of p?
3, 19
Let o(u) = 54*u**3 - u**2 - 6*u - 1. List the prime factors of o(2).
5, 83
Suppose 25 = 6*o - o. Suppose o*x = 58 + 2. List the prime factors of x.
2, 3
Let l(i) = i**3 - 3*i**2 - 10*i. Let r be l(5). Suppose -v - 2*v + 63 = r. What are the prime factors of v?
3, 7
Let t(z) = z**2 - z. Let l be t(-5). Let c be ((-324)/l)/((-2)/10). Suppose -2*g = g - c. What are the prime factors of g?
2, 3
Suppose -3*f + 2*x = -2*f - 19, -46 = -4*f + 2*x. What are the prime factors of f?
3
Suppose -3*b + 4*x = 155, -b = -2*b - x - 61. List the prime factors of (1 + -2)/(3/b).
19
Let b be 1/1*0/(-1). Suppose 0 = 4*h + 4, b*d - 21 = -5*d - 4*h. What are the prime factors of ((-6)/d)/(3/(-20))?
2
Let y = -3 - -4. List the prime factors of (y*-1)/(1/(-2)).
2
Let u(d) = 3*d**2 - 44*d + 24. Let o(i) = -2*i**2 + 29*i - 16. Let y(j) = 8*o(j) + 5*u(j). List the prime factors of y(11).
3
Let r be 1 + -2 + 1*3. Suppose -4*x = -r*d + 24, d = -d - 2*x - 6. What are the prime factors of d?
2
Let g(d) = d**2 + 4. Let k be g(4). Suppose 0 = 3*u - 4*u + k. What are the prime factors of u?
2, 5
Let m = -3 - -6. What are the prime factors of 27*(7 - m)/12?
3
Let v be (-2110)/(-35) + (-4)/14. Suppose 0 = 3*b - v. Let q = -12 + b. List the prime factors of q.
2
Suppose 3*w - 59 = 103. List the prime factors of w.
2, 3
Suppose -5*a = 4*o + 32, o - 4*a - 4 = -3*o. Let b = 16 + o. Suppose -3*x - 19 + 58 = 5*h, b = x - 3*h. List the prime factors of x.
13
Let w = 6 - -3. Let k be 25/3 + 6/w. Suppose -4*s - 1 = -k. What are the prime factors of s?
2
Suppose -8 = -2*k - 2*k. Suppose 2*q - 8 = k. Suppose 32 = q*t + 2. What are the prime factors of t?
2, 3
Suppose 0*m = -n + 5*m + 201, 5*m - 342 = -2*n. What are the prime factors of n?
181
Suppose 0 = j - 8 - 21. Suppose -j - 58 = -3*k. What are the prime factors of k?
29
Suppose 2*h = 0, 4*m + h + 75 = -m. Let n(t) = -t**3 - 14*t**2 + 13*t - 5. List the prime factors of n(m).
5
Suppose -2*g + 16 - 4 = 2*h, 3*g - 6 = 0. Let m = 22 - h. List the prime factors of m.
2, 3
Suppose 133 = 2*d + 2*n + 3*n, -5*d - 3*n = -304. List the prime factors of d.
59
Let r = -26 + 99. What are the prime factors of r?
73
Suppose -9 = 4*i - z, 2*i - 5*z + 6 + 3 = 0. Let u = 3 - -2. What are the prime factors of (-2 - (i + 1)) + u?
2
Suppose 0 = 3*k, -3*k - 21 = 3*u + 2*k. Let p = -45 - -26. Let w = u - p. What are the prime factors of w?
2, 3
Let i be 3 - 3/((-6)/(-2)). Let o be 2/(-5) + 2/5. Suppose -3*n + i*n = -5*g - 11, o = 2*n - 5*g - 22. List the prime factors of n.
11
Let o(h) = -h**3 + 2*h**2 + 2*h. Let q be o(2). Suppose q*u - 108 = -4. What are the prime factors of u?
2, 13
Let v = 3 - 5. Let h be 24/11 - 6/33. Let i = h - v. What are the prime factors of i?
2
Let p be -2 + (0 - -3)/3. Let n be p/(-3)*3 - -4. Suppose -n*d + 9 = -46. List the prime factors of d.
11
Let o(t) = 25*t - 4. List the prime factors of o(2).
2, 23
Let k(z) = 2*z. Let w be k(1). What are the prime factors of -3*w*3/(-2)?
3
Let h(x) = x**2 - x + 15. Suppose 2*p = 5*a - 14, 4*a - 5*p = 16 + 2. Suppose 3*j = -a*j. List the prime factors of h(j).
3, 5
What are the prime factors of 8*(-28)/(-24)*3?
2, 7
Suppose -3*n = 54 - 216. What are the prime factors of n?
2, 3
Suppose 5*s + 2*w + 13 = 157, 62 = 2*s + 3*w. List the prime factors of (21/(-4))/((-7)/s).
3, 7
Suppose -x = r - 114, -r + 10*x = 12*x - 110. What are the prime factors of r?
2, 59
Let r(o) = -o**3 + 14*o**2 - 13*o + 13. What are the prime factors of r(13)?
13
Suppose 15 = u - 2*u. Let c = u - -33. What are the prime factors of c?
2, 3
Suppose 0 = 4*i + 2*x - 272, 2*x = 2*i - x - 136. What are the prime factors of i?
2, 17
Let o(d) be the second derivative of d**4/3 - d**3/6 - d**2/2 + 3*d. What are the prime factors of o(2)?
13
Suppose -x = -15 - 10. Suppose 2*s = 7*s + x. Let r = s + 10. What are the prime factors of r?
5
Let j be -2*1 - (-3 + -23). Let p be 3/6*j/2. Suppose p = i + 3. What are the prime factors of i?
3
Let h = -11 - -37. Suppose -h = -2*c - 5*y, -c - 5*y - 135 = -6*c. What are the prime factors of c?
23
Suppose -4*b = -t - 4*t - 36, -4*b + 2*t = -24. Let s be 8/5*10/b. Suppose 0 = 3*h - 4*k - 16, 0*h = 3*h + s*k - 8. What are the prime factors of h?
2
Suppose -4*z + 14 = -34. Suppose 0 = -z*n + 13*n - 6. List the prime factors of n.
2, 3
Let g = 91 + -41. Suppose 2*a - 101 = 2*p - 25, 0 = a + 2*p - g. Suppose 0*u + 3*u - a = 0. What are the prime factors of u?
2, 7
Let v be (-18)/8*8/(-3). Suppose -v = 2*k, -5*c = -c + 2*k - 98. List the prime factors of c.
2, 13
Suppose 0 = -0*q + 4*q - 8. List the prime factors of 65/15*(8 - q).
2, 13
Let h be 1/5 + (-27)/(-15). Suppose -l + p + 3*p = -19, -3*l = h*p - 15. Let m(q) = -q**3 + 8*q**2 - 5*q - 6. List the prime factors of m(l).
2
Suppose 0 = 2*a + 2*z + z - 185, 5*a = 2*z + 472. List the prime factors of a.
2, 47
Suppose -i = 3*i - 196. What are the prime factors of i?
7
Suppose -4*t = 3*z - 3558, 2*z + 3572 = 4*t - 2*z. What are the prime factors of t/39 - (-8)/52?
23
What are the prime factors of (20/(-6))/((-12)/144)?
2, 5
Suppose -4*b = -s - 0*b + 236, 1108 = 5*s - 2*b. List the prime factors of s.
2, 5, 11
Suppose -2*j + 4*r = -j - 19, -32 = -4*j + 5*r. Let w be (-1 - -1)/(-4 + 3). Suppose w = t - j*t + 28. List the prime factors of t.
2, 7
Let u(k) = 10*k**2 + k - 14. List the prime factors of u(3).
79
Let p(m) = -2*m - 11. Let c be p(-9). Suppose 0 = -3*k - 2*k. Suppose -3*t + 4*z - 7 = k, -t - z = -0*z - c. List the prime factors of t.
3
Let q = -17 + 20. What are the prime factors of (180/16)/(q/12)?
3, 5
Let b = 32 - 29. List the prime factors of b.
3
Let b = -1 - -3. Suppose 0 = b*w + w - 57. List the prime factors of w.
19
Suppose -4*s + 0*s = -48. Let y = s - 7. Suppose 5*m - 10 = -2*w, y*w - 25 = 2*m + 2*m. What are the prime factors of w?
5
Let t(u) = u**2 + 9*u + 8. Let b be t(-6). Let j(y) = y + 13. List the prime factors of j(b).
3
Let d = -2 + 3. Let i(t) = 0 - d + 8*t + 3*t**2 - 9*t. What are the prime factors of i(-1)?
3
Let w = 7 + -3. Suppose 0 = -w*d - 3*v + 52, 5*v + 26 = 2*d + v. List the prime factors of d.
13
List the prime factors of 16/(-16) + 1 + 28.
2, 7
What are the prime factors of ((-2)/8)/((-612)/304 + 2)?
19
Let l = -3 + 3. Let y = 3 + l. List the prime factors of y.
3
Let z = -7 + 5. Suppose -b = -13 + 3. Let a = b - z. What are the prime factors of a?
2, 3
Let k = 11 + -9. Suppose 0 = 3*s - s. Suppose d - 2 = 3*c, s = -0*d + d - k*c - 3. List the prime factors of d.
5
Let g = -3 - 4. Let f(x) = -x**3 - 8*x**2 - 11*x - 8. What are the prime factors of f(g)?
2, 5
Let g = 65 + -37. List the prime factors of g.
2, 7
Let n be 3/2 - (-2)/(-4). Let p be n - 4*2/(-4). Suppose 2*u = 2*m + 28, m = p*u + 2*m - 26. List the prime factors of u.
2, 5
Let r(n) = -15*n + 2. What are the prime factors of r(-4)?
2, 31
Let x be 1/2 + 126/4. Suppose 13 = 3*n + 61. Let s = x + n. What 